 t be b(107). What is the highest common factor of t and 306?
102
Let w(a) = -a**2 + 8*a + 17. Let o be w(7). Let t be ((-172)/o)/((-2)/12). Calculate the greatest common divisor of t and 43.
43
Suppose -y + 472 = 5*i, 9*y - 2*i = 5*y + 1910. Suppose -y = -5*c + 1053. What is the greatest common divisor of 68 and c?
34
Let w be 42/56*32/6. Suppose -w*t - 5*u = 50 - 240, -2*t = 5*u - 90. Calculate the highest common factor of 450 and t.
50
Suppose 3*y - 4*y - 20 = o, 0 = 3*o + 2*y + 60. Let u be ((-342)/(-95))/((-6)/o). What is the greatest common factor of 300 and u?
12
Let t be ((15/6)/1)/(2/4). Suppose -u - 15 = -6*u, -t*u = 4*y - 135. Calculate the greatest common divisor of y and 30.
30
Let m(v) = -3*v - 3. Let q be m(0). Let j(s) = 9*s**2 - s - 10. Let k be j(q). Suppose -5*x + 106 + k = 0. Calculate the highest common factor of 12 and x.
12
Let g be (-27)/6*(-6)/(-9) + 99 - -2. What is the highest common factor of g and 3?
1
Suppose 5*o + 13 = 73. Suppose 0 = -5*f + 3*x + 5, o*f - 4 = 8*f + 4*x. Calculate the highest common factor of 19 and f.
1
Let a be ((-408)/(-18))/(4/501). What is the greatest common factor of 167 and a?
167
Let u be 144*(3 - 25/20*2). Let m = -174 - -190. Calculate the greatest common factor of m and u.
8
Suppose 1464 - 204 = q. Suppose -q = -3*x + 4*p, 13*x + 1708 = 17*x + 4*p. What is the greatest common divisor of 159 and x?
53
Let j(w) = -w**3 + 4*w**2 + w + 11. Let l be j(-4). Let d = -118 + l. Suppose -t + 65 = -20. Calculate the greatest common divisor of d and t.
17
Let k be (-24)/9*(-467892)/656. What is the greatest common factor of k and 18?
6
Suppose 47*l + 20*l - 4719 = 34*l. Let j be -1 - (-1 + 1 - 100). Calculate the greatest common factor of l and j.
11
Let d be -6*((-21)/(-14))/((-9)/5). Let x be 0 + (-5)/d - -1. Suppose 4*a = -x + 12. Calculate the highest common factor of 1 and a.
1
Let k(l) = 48*l - 633. Let c be k(17). Calculate the greatest common divisor of c and 4.
1
Let j(q) = 4*q**2 + 47*q - 724. Let n be j(20). What is the greatest common divisor of n and 8?
8
Let p = 5587 - 1517. What is the highest common factor of p and 555?
185
Let y = -274 + 310. Calculate the greatest common factor of 4212 and y.
36
Let g = -5 - -7. Let j be -3 + g + (-282)/(-2). Let t = 33014 - 32986. What is the greatest common factor of j and t?
28
Let x(h) be the third derivative of -17*h**4/8 - 172*h**3/3 + 30*h**2 + h. Let p be x(-7). Calculate the highest common factor of p and 1.
1
Let w(s) = 7*s - 294. Suppose -4*q = -3*t + 146, -4*t + 193 - 1 = -4*q. Let j be w(t). What is the greatest common factor of j and 147?
7
Let l = 539 - 365. What is the greatest common divisor of l and 5568?
174
Suppose -2*n - 3*i - 204 = -6*n, 3*n = -24*i + 363. Calculate the greatest common divisor of n and 76.
19
Suppose 0 = 105*a - 5420 - 13060. What is the greatest common divisor of a and 55?
11
Suppose 13*v - 2008 + 292 = 0. What is the greatest common factor of v and 2112?
132
Let g be (-3)/(18/2)*-1530. Calculate the highest common factor of 816 and g.
102
Let c(m) = 62*m + 109. Let w be c(-2). Let j be 0 - 12/w*5. Calculate the highest common divisor of 58 and j.
2
Let o = 28005 + -20062. Calculate the highest common factor of 94 and o.
47
Suppose -3*h = -6*h + 144. Let n(r) = 8*r - 154 - 8*r - 2 - 8 + 11*r. Let f be n(16). Calculate the highest common factor of h and f.
12
Let j be 6/((((-18)/4)/9)/7). Let a(o) = -o**3 - o**2 - o + 89. Let d be a(0). Let b = j + d. What is the highest common divisor of 5 and b?
5
Let g = 71 - 71. Let k be 36*(6 + 1 + 1) + g. Let s = 27 - -5. What is the greatest common factor of k and s?
32
Let z(y) = -12*y**2 + 15*y + 14. Let r(c) = -11*c**2 + 13*c + 15. Let m(l) = 7*r(l) - 6*z(l). Let w be m(0). What is the highest common divisor of 777 and w?
21
Let v = 161 - 161. Suppose -11*a + 271 + 235 = v. What is the greatest common factor of a and 506?
46
Suppose 3*k - 123 = -15. Let m(c) = 26*c + 160. Let y be m(-6). Suppose -y*z = -v + 5*v - 584, 4 = 2*v. What is the highest common factor of k and z?
36
Let k(n) = -4*n - 55. Let c(u) = -2*u**2 - 2*u + 8. Let d be c(3). Let x be k(d). Let i = 57 + x. Calculate the greatest common divisor of i and 6.
6
Let b = -3 - -15. Let w be (4 + (2 - 5))*(2 + 358 + 6). Calculate the highest common factor of b and w.
6
Let h = -529 + 534. Suppose -4*o = 4*j + 12, 20 = -j - h*o - 3. Calculate the greatest common factor of 112 and j.
2
Let b be (-9)/(-45)*(-65)/(-1). Let g = -8 + b. Let z(h) = 18*h - 35. Let t be z(2). What is the greatest common factor of t and g?
1
Suppose 492 = n + 489. Suppose -n*b + 80 = 20. Calculate the greatest common divisor of b and 180.
20
Suppose -38*z = -69*z + 1116. What is the greatest common factor of z and 117?
9
Suppose 92 = -7*n + 36. Let a be 16/14*(22 + n) + -4. Let q be (4/6)/(5/60). What is the highest common divisor of a and q?
4
Suppose 0 = -13*o - 59*o + 14398 + 6842. What is the greatest common divisor of 305 and o?
5
Let q be (-26172)/(-24)*450/27. What is the highest common divisor of q and 25?
25
Suppose 8*f - 12071 = 36937. Let n be f/45 - 40/300. What is the greatest common divisor of n and 4?
4
Let a be (2/7*3038/155)/(4/10). Calculate the highest common factor of a and 44.
2
Let z be (-4)/((-4)/(-185))*-1. Let x = -12050 + 12124. What is the highest common divisor of x and z?
37
Let j be ((-306)/(-120) - (-4)/(-5))*-4. Let g be (6 + j)*(-20)/5. What is the greatest common factor of g and 44?
4
Let z be (-23520)/(-75) - (-4)/10. Let p = -292 + z. Calculate the highest common divisor of 198 and p.
22
Let o be (-12)/(-28) + (-1164)/21. Let w be 4/14 + (-3)/35*o. Calculate the highest common factor of 45 and w.
5
Let k be 5774 + ((-120)/(-18))/((-6)/(-9)). Calculate the highest common divisor of 24 and k.
24
Suppose -r - 738 = -d + 824, 3*r = 4*d - 6244. What is the highest common divisor of 574 and d?
82
Let n = 10 - 9. Let k be (-1 + -3)*(n + 30/(-20)). What is the highest common divisor of 38 and k?
2
Suppose 0 = -8*v + 622 + 58. Let c = v + -81. Suppose -4*l - 112 = -3*r - 0*l, -4*r = -4*l - 144. Calculate the highest common factor of c and r.
4
Let s = -373 - -537. Let p = s + -120. Calculate the greatest common divisor of 198 and p.
22
Let t(d) = 3*d**2 - 150*d + 325. Let k be t(66). Calculate the greatest common divisor of k and 7.
7
Let v(g) = -g**2 + g + 126. Let d be v(0). Suppose 11*n + 282 = -4*z + 8*n, 2*n + 78 = -z. Let q = d + z. Calculate the greatest common divisor of q and 24.
12
Suppose 0 = 450*b - 475*b + 4144 + 65431. Calculate the greatest common factor of 363 and b.
121
Suppose n + 2*n = 30. Suppose -4*w - k + 1247 - 1236 = 0, -4*w + k + 5 = 0. Calculate the greatest common factor of n and w.
2
Let q(m) = 4*m**2 - 23*m + 54. Let k be q(4). Calculate the highest common divisor of 2834 and k.
26
Suppose 2*c + 5*j - 2*j = -213, -2*j = -5*c - 542. Let o = -1226 + 1088. Let z = c - o. What is the greatest common divisor of 12 and z?
6
Let h(q) = 9*q + 92. Let o be h(-10). Suppose -5*f + l - o*l + 576 = 0, -2*f + 224 = 2*l. Calculate the highest common divisor of f and 87.
29
Let u = 4002 - 3585. What is the highest common divisor of 6 and u?
3
Suppose -5*j - 12*x + 135 = -7*x, 0 = 3*j + 5*x - 89. Suppose 276 = -j*y + 26*y. Calculate the highest common divisor of y and 4.
4
Suppose -4*p + 36 + 324 = 0. Suppose -25 = -5*f + 560. Suppose -4*m + 99 = -f. Calculate the highest common factor of p and m.
18
Let o be (-130)/(-14) + 2/(-7). Suppose 10*c + 23040 = 22*c. Suppose -o*z + c = 3*z. What is the greatest common divisor of z and 20?
20
Let c be (-601)/(-2) - 1/2. Let k(u) = -2688*u - 37432. Let h be k(-14). Calculate the greatest common divisor of h and c.
100
Let a be (-10)/((-14)/8 - 2/8). Suppose 10*v + 3*t = 12*v - 823, 0 = -a*v + t + 2038. What is the greatest common factor of 37 and v?
37
Suppose -2*p - 2*p - 16 = 0, -3*n = -4*p - 151. Suppose 5*j - 60 = -5*i, 2*j + 2*j - 55 = 3*i. Let k = j + -8. What is the highest common divisor of n and k?
5
Let d = -167 - -207. Suppose 0 = -5*i + f + d + 9, 3*i + 3*f = 15. What is the greatest common factor of 2 and i?
1
Suppose 0 = -46*f + 26*f + 15*f. Suppose -7*j - 13 + 167 = f. What is the highest common divisor of 638 and j?
22
Let w be 4 - 2